{"id":1163,"date":"2021-09-09T14:42:44","date_gmt":"2021-09-09T11:42:44","guid":{"rendered":"http:\/\/engroup.com.tr\/?page_id=1163"},"modified":"2021-10-21T23:21:21","modified_gmt":"2021-10-21T20:21:21","slug":"choco-port","status":"publish","type":"page","link":"https:\/\/engroup.com.tr\/index.php\/choco-port\/","title":{"rendered":"CHOCO PORT"},"content":{"rendered":"\t\t<div data-elementor-type=\"wp-page\" data-elementor-id=\"1163\" class=\"elementor elementor-1163\">\n\t\t\t\t\t\t\t\t\t<section class=\"elementor-section elementor-top-section elementor-element elementor-element-7fedab0 elementor-section-boxed elementor-section-height-default elementor-section-height-default\" data-id=\"7fedab0\" data-element_type=\"section\" data-settings=\"{&quot;background_background&quot;:&quot;classic&quot;}\">\n\t\t\t\t\t\t<div class=\"elementor-container elementor-column-gap-default\">\n\t\t\t\t\t<div class=\"elementor-column elementor-col-100 elementor-top-column elementor-element elementor-element-2700719\" data-id=\"2700719\" data-element_type=\"column\">\n\t\t\t<div class=\"elementor-widget-wrap elementor-element-populated\">\n\t\t\t\t\t\t\t\t<div class=\"elementor-element elementor-element-f118555 elementor-widget elementor-widget-image\" data-id=\"f118555\" data-element_type=\"widget\" data-widget_type=\"image.default\">\n\t\t\t\t<div class=\"elementor-widget-container\">\n\t\t\t<style>\/*! elementor - v3.6.8 - 27-07-2022 *\/\n.elementor-widget-image{text-align:center}.elementor-widget-image a{display:inline-block}.elementor-widget-image a img[src$=\".svg\"]{width:48px}.elementor-widget-image img{vertical-align:middle;display:inline-block}<\/style>\t\t\t\t\t\t\t\t\t\t\t\t<img loading=\"lazy\" decoding=\"async\" width=\"143\" height=\"80\" src=\"https:\/\/engroup.com.tr\/wp-content\/uploads\/2021\/09\/Untitled-1.jpgt_.jpg\" class=\"attachment-2048x2048 size-2048x2048\" alt=\"\" \/>\t\t\t\t\t\t\t\t\t\t\t\t\t\t\t<\/div>\n\t\t\t\t<\/div>\n\t\t\t\t\t<\/div>\n\t\t<\/div>\n\t\t\t\t\t\t\t<\/div>\n\t\t<\/section>\n\t\t\t\t<section class=\"elementor-section elementor-top-section elementor-element elementor-element-e185d43 elementor-section-boxed elementor-section-height-default elementor-section-height-default\" data-id=\"e185d43\" data-element_type=\"section\" data-settings=\"{&quot;background_background&quot;:&quot;classic&quot;}\">\n\t\t\t\t\t\t<div class=\"elementor-container elementor-column-gap-default\">\n\t\t\t\t\t<div class=\"elementor-column elementor-col-100 elementor-top-column elementor-element elementor-element-1a18db3\" data-id=\"1a18db3\" data-element_type=\"column\">\n\t\t\t<div class=\"elementor-widget-wrap elementor-element-populated\">\n\t\t\t\t\t\t\t\t<div class=\"elementor-element elementor-element-24162db elementor-align-justify elementor-widget elementor-widget-button\" data-id=\"24162db\" data-element_type=\"widget\" data-widget_type=\"button.default\">\n\t\t\t\t<div class=\"elementor-widget-container\">\n\t\t\t\t\t<div class=\"elementor-button-wrapper\">\n\t\t\t<a href=\"http:\/\/chocoport.com.tr\/\" class=\"elementor-button-link elementor-button elementor-size-xl\" role=\"button\">\n\t\t\t\t\t\t<span class=\"elementor-button-content-wrapper\">\n\t\t\t\t\t\t\t<span class=\"elementor-button-icon elementor-align-icon-right\">\n\t\t\t\t<i aria-hidden=\"true\" class=\"fas fa-angle-double-right\"><\/i>\t\t\t<\/span>\n\t\t\t\t\t\t<span class=\"elementor-button-text\">Web Adresi<\/span>\n\t\t<\/span>\n\t\t\t\t\t<\/a>\n\t\t<\/div>\n\t\t\t\t<\/div>\n\t\t\t\t<\/div>\n\t\t\t\t\t<\/div>\n\t\t<\/div>\n\t\t\t\t\t\t\t<\/div>\n\t\t<\/section>\n\t\t\t\t<section class=\"elementor-section elementor-top-section elementor-element elementor-element-b1374f7 elementor-section-boxed elementor-section-height-default elementor-section-height-default\" data-id=\"b1374f7\" data-element_type=\"section\" data-settings=\"{&quot;background_background&quot;:&quot;classic&quot;}\">\n\t\t\t\t\t\t<div class=\"elementor-container elementor-column-gap-default\">\n\t\t\t\t\t<div class=\"elementor-column elementor-col-100 elementor-top-column elementor-element elementor-element-3b3a616\" data-id=\"3b3a616\" data-element_type=\"column\">\n\t\t\t<div class=\"elementor-widget-wrap elementor-element-populated\">\n\t\t\t\t\t\t\t\t<div class=\"elementor-element elementor-element-e075ccd elementor-widget elementor-widget-heading\" data-id=\"e075ccd\" data-element_type=\"widget\" data-widget_type=\"heading.default\">\n\t\t\t\t<div class=\"elementor-widget-container\">\n\t\t\t<style>\/*! elementor - v3.6.8 - 27-07-2022 *\/\n.elementor-heading-title{padding:0;margin:0;line-height:1}.elementor-widget-heading .elementor-heading-title[class*=elementor-size-]>a{color:inherit;font-size:inherit;line-height:inherit}.elementor-widget-heading .elementor-heading-title.elementor-size-small{font-size:15px}.elementor-widget-heading .elementor-heading-title.elementor-size-medium{font-size:19px}.elementor-widget-heading .elementor-heading-title.elementor-size-large{font-size:29px}.elementor-widget-heading .elementor-heading-title.elementor-size-xl{font-size:39px}.elementor-widget-heading .elementor-heading-title.elementor-size-xxl{font-size:59px}<\/style><h5 class=\"elementor-heading-title elementor-size-default\">\u201cChoco Port\u201dun d\u00fcnya markas\u0131 olma yolundaki ilk \u00f6nemli ad\u0131m\u0131 2019 y\u0131l\u0131nda Azerbaycan Bak\u00fc\u2019de kurulmas\u0131 ile ba\u015fl\u0131yor. Choco Port -un ilk ba\u015flang\u0131c\u0131n heyecan\u0131n\u0131 ve co\u015fkusunu kaybetmeme arzusu onun ana enerji kayna\u011f\u0131d\u0131r. Franhisingimize eklenen her yeni restoran, herkese saf lezzet sunma konusundaki bir sonraki ba\u015far\u0131m\u0131z oluyor. Restoran\u0131m\u0131z se\u00e7ti\u011fi ilkelere her zaman ba\u011fl\u0131d\u0131r. Azerbaycanda ba\u015flay\u0131b, daha sonra T\u00fcrkiyede faaliyetine devam ederek, burda da g\u00f6n\u00fclleri feth etmeyi, tat ve ma\u011faza g\u00f6rselli\u011fi ile misafirlerinin vazge\u00e7ilmezi olmay\u0131 ba\u015farm\u0131\u015f Choco Port restoran zinciri kurarak tad\u0131 damaklarda kalacak \u00fcr\u00fcnlerini t\u00fcm d\u00fcnyaya yaymay\u0131 ve d\u00fcnya \u00e7ap\u0131nda tan\u0131tmay\u0131 hedefleyen bir organizasyondur.<\/h5>\t\t<\/div>\n\t\t\t\t<\/div>\n\t\t\t\t\t<\/div>\n\t\t<\/div>\n\t\t\t\t\t\t\t<\/div>\n\t\t<\/section>\n\t\t\t\t<section class=\"elementor-section elementor-top-section elementor-element elementor-element-e970706 elementor-section-boxed elementor-section-height-default elementor-section-height-default\" data-id=\"e970706\" data-element_type=\"section\" data-settings=\"{&quot;background_background&quot;:&quot;classic&quot;}\">\n\t\t\t\t\t\t<div class=\"elementor-container elementor-column-gap-default\">\n\t\t\t\t\t<div class=\"elementor-column elementor-col-100 elementor-top-column elementor-element elementor-element-cffde38\" data-id=\"cffde38\" data-element_type=\"column\">\n\t\t\t<div class=\"elementor-widget-wrap elementor-element-populated\">\n\t\t\t\t\t\t\t\t<div class=\"elementor-element elementor-element-2503f00 elementor-widget elementor-widget-image-gallery\" data-id=\"2503f00\" data-element_type=\"widget\" data-widget_type=\"image-gallery.default\">\n\t\t\t\t<div class=\"elementor-widget-container\">\n\t\t\t<style>\/*! elementor - v3.6.8 - 27-07-2022 *\/\n.elementor-image-gallery .gallery-item{display:inline-block;text-align:center;vertical-align:top;width:100%;max-width:100%;margin:0 auto}.elementor-image-gallery .gallery-item img{margin:0 auto}.elementor-image-gallery .gallery-item .gallery-caption{margin:0}.elementor-image-gallery figure img{display:block}.elementor-image-gallery figure figcaption{width:100%}.gallery-spacing-custom .elementor-image-gallery .gallery-icon{padding:0}@media (min-width:768px){.elementor-image-gallery .gallery-columns-2 .gallery-item{max-width:50%}.elementor-image-gallery .gallery-columns-3 .gallery-item{max-width:33.33%}.elementor-image-gallery .gallery-columns-4 .gallery-item{max-width:25%}.elementor-image-gallery .gallery-columns-5 .gallery-item{max-width:20%}.elementor-image-gallery .gallery-columns-6 .gallery-item{max-width:16.666%}.elementor-image-gallery .gallery-columns-7 .gallery-item{max-width:14.28%}.elementor-image-gallery .gallery-columns-8 .gallery-item{max-width:12.5%}.elementor-image-gallery .gallery-columns-9 .gallery-item{max-width:11.11%}.elementor-image-gallery .gallery-columns-10 .gallery-item{max-width:10%}}@media (min-width:480px) and (max-width:767px){.elementor-image-gallery .gallery.gallery-columns-2 .gallery-item,.elementor-image-gallery .gallery.gallery-columns-3 .gallery-item,.elementor-image-gallery .gallery.gallery-columns-4 .gallery-item,.elementor-image-gallery .gallery.gallery-columns-5 .gallery-item,.elementor-image-gallery .gallery.gallery-columns-6 .gallery-item,.elementor-image-gallery .gallery.gallery-columns-7 .gallery-item,.elementor-image-gallery .gallery.gallery-columns-8 .gallery-item,.elementor-image-gallery .gallery.gallery-columns-9 .gallery-item,.elementor-image-gallery .gallery.gallery-columns-10 .gallery-item{max-width:50%}}@media (max-width:479px){.elementor-image-gallery .gallery.gallery-columns-2 .gallery-item,.elementor-image-gallery .gallery.gallery-columns-3 .gallery-item,.elementor-image-gallery .gallery.gallery-columns-4 .gallery-item,.elementor-image-gallery .gallery.gallery-columns-5 .gallery-item,.elementor-image-gallery .gallery.gallery-columns-6 .gallery-item,.elementor-image-gallery .gallery.gallery-columns-7 .gallery-item,.elementor-image-gallery .gallery.gallery-columns-8 .gallery-item,.elementor-image-gallery .gallery.gallery-columns-9 .gallery-item,.elementor-image-gallery .gallery.gallery-columns-10 .gallery-item{max-width:100%}}<\/style>\t\t<div class=\"elementor-image-gallery\">\n\t\t\t<div id='gallery-1' class='gallery galleryid-1163 gallery-columns-4 gallery-size-medium_large'><figure class='gallery-item'>\n\t\t\t<div class='gallery-icon portrait'>\n\t\t\t\t<a data-elementor-open-lightbox=\"yes\" data-elementor-lightbox-slideshow=\"2503f00\" data-elementor-lightbox-title=\"Foto 1 (1)\" e-action-hash=\"#elementor-action%3Aaction%3Dlightbox%26settings%3DeyJpZCI6MTQwOSwidXJsIjoiaHR0cHM6XC9cL2VuZ3JvdXAuY29tLnRyXC93cC1jb250ZW50XC91cGxvYWRzXC8yMDIxXC8wOVwvRm90by0xLTEtc2NhbGVkLmpwZWciLCJzbGlkZXNob3ciOiIyNTAzZjAwIn0%3D\" href='https:\/\/engroup.com.tr\/wp-content\/uploads\/2021\/09\/Foto-1-1-scaled.jpeg'><img loading=\"lazy\" decoding=\"async\" width=\"768\" height=\"1024\" src=\"https:\/\/engroup.com.tr\/wp-content\/uploads\/2021\/09\/Foto-1-1-768x1024.jpeg\" class=\"attachment-medium_large size-medium_large\" alt=\"\" srcset=\"https:\/\/engroup.com.tr\/wp-content\/uploads\/2021\/09\/Foto-1-1-768x1024.jpeg 768w, https:\/\/engroup.com.tr\/wp-content\/uploads\/2021\/09\/Foto-1-1-225x300.jpeg 225w, https:\/\/engroup.com.tr\/wp-content\/uploads\/2021\/09\/Foto-1-1-1152x1536.jpeg 1152w, https:\/\/engroup.com.tr\/wp-content\/uploads\/2021\/09\/Foto-1-1-1536x2048.jpeg 1536w, https:\/\/engroup.com.tr\/wp-content\/uploads\/2021\/09\/Foto-1-1-scaled.jpeg 1920w\" sizes=\"auto, (max-width: 768px) 100vw, 768px\" \/><\/a>\n\t\t\t<\/div><\/figure><figure class='gallery-item'>\n\t\t\t<div class='gallery-icon portrait'>\n\t\t\t\t<a data-elementor-open-lightbox=\"yes\" data-elementor-lightbox-slideshow=\"2503f00\" data-elementor-lightbox-title=\"Foto 2 (1)\" e-action-hash=\"#elementor-action%3Aaction%3Dlightbox%26settings%3DeyJpZCI6MTQxMSwidXJsIjoiaHR0cHM6XC9cL2VuZ3JvdXAuY29tLnRyXC93cC1jb250ZW50XC91cGxvYWRzXC8yMDIxXC8wOVwvRm90by0yLTEtc2NhbGVkLmpwZWciLCJzbGlkZXNob3ciOiIyNTAzZjAwIn0%3D\" href='https:\/\/engroup.com.tr\/wp-content\/uploads\/2021\/09\/Foto-2-1-scaled.jpeg'><img loading=\"lazy\" decoding=\"async\" width=\"768\" height=\"1024\" src=\"https:\/\/engroup.com.tr\/wp-content\/uploads\/2021\/09\/Foto-2-1-768x1024.jpeg\" class=\"attachment-medium_large size-medium_large\" alt=\"\" srcset=\"https:\/\/engroup.com.tr\/wp-content\/uploads\/2021\/09\/Foto-2-1-768x1024.jpeg 768w, https:\/\/engroup.com.tr\/wp-content\/uploads\/2021\/09\/Foto-2-1-225x300.jpeg 225w, https:\/\/engroup.com.tr\/wp-content\/uploads\/2021\/09\/Foto-2-1-1152x1536.jpeg 1152w, https:\/\/engroup.com.tr\/wp-content\/uploads\/2021\/09\/Foto-2-1-1536x2048.jpeg 1536w, https:\/\/engroup.com.tr\/wp-content\/uploads\/2021\/09\/Foto-2-1-scaled.jpeg 1920w\" sizes=\"auto, (max-width: 768px) 100vw, 768px\" \/><\/a>\n\t\t\t<\/div><\/figure><figure class='gallery-item'>\n\t\t\t<div class='gallery-icon portrait'>\n\t\t\t\t<a data-elementor-open-lightbox=\"yes\" data-elementor-lightbox-slideshow=\"2503f00\" data-elementor-lightbox-title=\"Foto 11 (1)\" e-action-hash=\"#elementor-action%3Aaction%3Dlightbox%26settings%3DeyJpZCI6MTQxMiwidXJsIjoiaHR0cHM6XC9cL2VuZ3JvdXAuY29tLnRyXC93cC1jb250ZW50XC91cGxvYWRzXC8yMDIxXC8wOVwvRm90by0xMS0xLXNjYWxlZC5qcGVnIiwic2xpZGVzaG93IjoiMjUwM2YwMCJ9\" href='https:\/\/engroup.com.tr\/wp-content\/uploads\/2021\/09\/Foto-11-1-scaled.jpeg'><img loading=\"lazy\" decoding=\"async\" width=\"768\" height=\"930\" src=\"https:\/\/engroup.com.tr\/wp-content\/uploads\/2021\/09\/Foto-11-1-768x930.jpeg\" class=\"attachment-medium_large size-medium_large\" alt=\"\" srcset=\"https:\/\/engroup.com.tr\/wp-content\/uploads\/2021\/09\/Foto-11-1-768x930.jpeg 768w, https:\/\/engroup.com.tr\/wp-content\/uploads\/2021\/09\/Foto-11-1-248x300.jpeg 248w, https:\/\/engroup.com.tr\/wp-content\/uploads\/2021\/09\/Foto-11-1-846x1024.jpeg 846w, https:\/\/engroup.com.tr\/wp-content\/uploads\/2021\/09\/Foto-11-1-1268x1536.jpeg 1268w, https:\/\/engroup.com.tr\/wp-content\/uploads\/2021\/09\/Foto-11-1-1691x2048.jpeg 1691w\" sizes=\"auto, (max-width: 768px) 100vw, 768px\" \/><\/a>\n\t\t\t<\/div><\/figure><figure class='gallery-item'>\n\t\t\t<div class='gallery-icon portrait'>\n\t\t\t\t<a data-elementor-open-lightbox=\"yes\" data-elementor-lightbox-slideshow=\"2503f00\" data-elementor-lightbox-title=\"Foto 5 (1)\" e-action-hash=\"#elementor-action%3Aaction%3Dlightbox%26settings%3DeyJpZCI6MTQxMywidXJsIjoiaHR0cHM6XC9cL2VuZ3JvdXAuY29tLnRyXC93cC1jb250ZW50XC91cGxvYWRzXC8yMDIxXC8wOVwvRm90by01LTEtc2NhbGVkLmpwZWciLCJzbGlkZXNob3ciOiIyNTAzZjAwIn0%3D\" href='https:\/\/engroup.com.tr\/wp-content\/uploads\/2021\/09\/Foto-5-1-scaled.jpeg'><img loading=\"lazy\" decoding=\"async\" width=\"768\" height=\"1024\" src=\"https:\/\/engroup.com.tr\/wp-content\/uploads\/2021\/09\/Foto-5-1-768x1024.jpeg\" class=\"attachment-medium_large size-medium_large\" alt=\"\" srcset=\"https:\/\/engroup.com.tr\/wp-content\/uploads\/2021\/09\/Foto-5-1-768x1024.jpeg 768w, https:\/\/engroup.com.tr\/wp-content\/uploads\/2021\/09\/Foto-5-1-225x300.jpeg 225w, https:\/\/engroup.com.tr\/wp-content\/uploads\/2021\/09\/Foto-5-1-1152x1536.jpeg 1152w, https:\/\/engroup.com.tr\/wp-content\/uploads\/2021\/09\/Foto-5-1-1536x2048.jpeg 1536w, https:\/\/engroup.com.tr\/wp-content\/uploads\/2021\/09\/Foto-5-1-scaled.jpeg 1920w\" sizes=\"auto, (max-width: 768px) 100vw, 768px\" \/><\/a>\n\t\t\t<\/div><\/figure>\n\t\t<\/div>\n\t\t<\/div>\n\t\t\t\t<\/div>\n\t\t\t\t<\/div>\n\t\t\t\t\t<\/div>\n\t\t<\/div>\n\t\t\t\t\t\t\t<\/div>\n\t\t<\/section>\n\t\t\t\t\t\t\t<\/div>\n\t\t","protected":false},"excerpt":{"rendered":"<p>Web Adresi \u201cChoco Port\u201dun d\u00fcnya markas\u0131 olma yolundaki ilk \u00f6nemli ad\u0131m\u0131 2019 y\u0131l\u0131nda Azerbaycan Bak\u00fc\u2019de kurulmas\u0131 ile ba\u015fl\u0131yor. Choco Port -un ilk ba\u015flang\u0131c\u0131n heyecan\u0131n\u0131 ve co\u015fkusunu kaybetmeme arzusu onun ana enerji kayna\u011f\u0131d\u0131r. Franhisingimize eklenen her yeni restoran, herkese saf lezzet sunma konusundaki bir sonraki ba\u015far\u0131m\u0131z oluyor. Restoran\u0131m\u0131z se\u00e7ti\u011fi ilkelere her zaman ba\u011fl\u0131d\u0131r. Azerbaycanda ba\u015flay\u0131b, daha &hellip;<\/p>\n<p class=\"read-more\"> <a class=\"\" href=\"https:\/\/engroup.com.tr\/index.php\/choco-port\/\"> <span class=\"screen-reader-text\">CHOCO PORT<\/span> Devam\u0131 &raquo;<\/a><\/p>\n","protected":false},"author":1,"featured_media":0,"parent":0,"menu_order":0,"comment_status":"closed","ping_status":"closed","template":"","meta":{"footnotes":""},"class_list":["post-1163","page","type-page","status-publish","hentry"],"uagb_featured_image_src":{"full":false,"thumbnail":false,"medium":false,"medium_large":false,"large":false,"1536x1536":false,"2048x2048":false},"uagb_author_info":{"display_name":"admin","author_link":"https:\/\/engroup.com.tr\/index.php\/author\/admin\/"},"uagb_comment_info":0,"uagb_excerpt":"Web Adresi \u201cChoco Port\u201dun d\u00fcnya markas\u0131 olma yolundaki ilk \u00f6nemli ad\u0131m\u0131 2019 y\u0131l\u0131nda Azerbaycan Bak\u00fc\u2019de kurulmas\u0131 ile ba\u015fl\u0131yor. Choco Port -un ilk ba\u015flang\u0131c\u0131n heyecan\u0131n\u0131 ve co\u015fkusunu kaybetmeme arzusu onun ana enerji kayna\u011f\u0131d\u0131r. Franhisingimize eklenen her yeni restoran, herkese saf lezzet sunma konusundaki bir sonraki ba\u015far\u0131m\u0131z oluyor. Restoran\u0131m\u0131z se\u00e7ti\u011fi ilkelere her zaman ba\u011fl\u0131d\u0131r. Azerbaycanda ba\u015flay\u0131b, daha&hellip;","_links":{"self":[{"href":"https:\/\/engroup.com.tr\/index.php\/wp-json\/wp\/v2\/pages\/1163","targetHints":{"allow":["GET"]}}],"collection":[{"href":"https:\/\/engroup.com.tr\/index.php\/wp-json\/wp\/v2\/pages"}],"about":[{"href":"https:\/\/engroup.com.tr\/index.php\/wp-json\/wp\/v2\/types\/page"}],"author":[{"embeddable":true,"href":"https:\/\/engroup.com.tr\/index.php\/wp-json\/wp\/v2\/users\/1"}],"replies":[{"embeddable":true,"href":"https:\/\/engroup.com.tr\/index.php\/wp-json\/wp\/v2\/comments?post=1163"}],"version-history":[{"count":10,"href":"https:\/\/engroup.com.tr\/index.php\/wp-json\/wp\/v2\/pages\/1163\/revisions"}],"predecessor-version":[{"id":1926,"href":"https:\/\/engroup.com.tr\/index.php\/wp-json\/wp\/v2\/pages\/1163\/revisions\/1926"}],"wp:attachment":[{"href":"https:\/\/engroup.com.tr\/index.php\/wp-json\/wp\/v2\/media?parent=1163"}],"curies":[{"name":"wp","href":"https:\/\/api.w.org\/{rel}","templated":true}]}}