{"id":1151,"date":"2021-09-09T14:41:38","date_gmt":"2021-09-09T11:41:38","guid":{"rendered":"http:\/\/engroup.com.tr\/?page_id=1151"},"modified":"2021-10-22T11:39:48","modified_gmt":"2021-10-22T08:39:48","slug":"sektorler","status":"publish","type":"page","link":"https:\/\/engroup.com.tr\/index.php\/sektorler\/","title":{"rendered":"Sekt\u00f6rler"},"content":{"rendered":"\t\t<div data-elementor-type=\"wp-page\" data-elementor-id=\"1151\" class=\"elementor elementor-1151\">\n\t\t\t\t\t\t\t\t\t<section class=\"elementor-section elementor-top-section elementor-element elementor-element-dbcf4b6 elementor-section-boxed elementor-section-height-default elementor-section-height-default\" data-id=\"dbcf4b6\" data-element_type=\"section\" data-settings=\"{&quot;background_background&quot;:&quot;classic&quot;}\">\n\t\t\t\t\t\t<div class=\"elementor-container elementor-column-gap-default\">\n\t\t\t\t\t<div class=\"elementor-column elementor-col-50 elementor-top-column elementor-element elementor-element-daa0fc5\" data-id=\"daa0fc5\" data-element_type=\"column\">\n\t\t\t<div class=\"elementor-widget-wrap elementor-element-populated\">\n\t\t\t\t\t\t\t\t<div class=\"elementor-element elementor-element-b7594f8 elementor-widget elementor-widget-spacer\" data-id=\"b7594f8\" data-element_type=\"widget\" data-widget_type=\"spacer.default\">\n\t\t\t\t<div class=\"elementor-widget-container\">\n\t\t\t<style>\/*! elementor - v3.6.8 - 27-07-2022 *\/\n.e-container.e-container--row .elementor-spacer-inner{width:var(--spacer-size)}.e-container.e-container--column .elementor-spacer-inner,.elementor-column .elementor-spacer-inner{height:var(--spacer-size)}<\/style>\t\t<div class=\"elementor-spacer\">\n\t\t\t<div class=\"elementor-spacer-inner\"><\/div>\n\t\t<\/div>\n\t\t\t\t<\/div>\n\t\t\t\t<\/div>\n\t\t\t\t<div class=\"elementor-element elementor-element-b44ff47 elementor-widget elementor-widget-heading\" data-id=\"b44ff47\" data-element_type=\"widget\" data-widget_type=\"heading.default\">\n\t\t\t\t<div class=\"elementor-widget-container\">\n\t\t\t<style>\/*! elementor - v3.6.8 - 27-07-2022 *\/\n.elementor-heading-title{padding:0;margin:0;line-height:1}.elementor-widget-heading .elementor-heading-title[class*=elementor-size-]>a{color:inherit;font-size:inherit;line-height:inherit}.elementor-widget-heading .elementor-heading-title.elementor-size-small{font-size:15px}.elementor-widget-heading .elementor-heading-title.elementor-size-medium{font-size:19px}.elementor-widget-heading .elementor-heading-title.elementor-size-large{font-size:29px}.elementor-widget-heading .elementor-heading-title.elementor-size-xl{font-size:39px}.elementor-widget-heading .elementor-heading-title.elementor-size-xxl{font-size:59px}<\/style><h2 class=\"elementor-heading-title elementor-size-default\">Sekt\u00f6rler<\/h2>\t\t<\/div>\n\t\t\t\t<\/div>\n\t\t\t\t<div class=\"elementor-element elementor-element-e769973 elementor-widget elementor-widget-spacer\" data-id=\"e769973\" data-element_type=\"widget\" data-widget_type=\"spacer.default\">\n\t\t\t\t<div class=\"elementor-widget-container\">\n\t\t\t\t\t<div class=\"elementor-spacer\">\n\t\t\t<div class=\"elementor-spacer-inner\"><\/div>\n\t\t<\/div>\n\t\t\t\t<\/div>\n\t\t\t\t<\/div>\n\t\t\t\t\t<\/div>\n\t\t<\/div>\n\t\t\t\t<div class=\"elementor-column elementor-col-50 elementor-top-column elementor-element elementor-element-3de4c6a\" data-id=\"3de4c6a\" data-element_type=\"column\">\n\t\t\t<div class=\"elementor-widget-wrap elementor-element-populated\">\n\t\t\t\t\t\t\t\t<div class=\"elementor-element elementor-element-e3ae960 elementor-widget elementor-widget-spacer\" data-id=\"e3ae960\" data-element_type=\"widget\" data-widget_type=\"spacer.default\">\n\t\t\t\t<div class=\"elementor-widget-container\">\n\t\t\t\t\t<div class=\"elementor-spacer\">\n\t\t\t<div class=\"elementor-spacer-inner\"><\/div>\n\t\t<\/div>\n\t\t\t\t<\/div>\n\t\t\t\t<\/div>\n\t\t\t\t<div class=\"elementor-element elementor-element-4f76295 elementor-widget elementor-widget-text-editor\" data-id=\"4f76295\" data-element_type=\"widget\" data-widget_type=\"text-editor.default\">\n\t\t\t\t<div class=\"elementor-widget-container\">\n\t\t\t<style>\/*! elementor - v3.6.8 - 27-07-2022 *\/\n.elementor-widget-text-editor.elementor-drop-cap-view-stacked .elementor-drop-cap{background-color:#818a91;color:#fff}.elementor-widget-text-editor.elementor-drop-cap-view-framed .elementor-drop-cap{color:#818a91;border:3px solid;background-color:transparent}.elementor-widget-text-editor:not(.elementor-drop-cap-view-default) .elementor-drop-cap{margin-top:8px}.elementor-widget-text-editor:not(.elementor-drop-cap-view-default) .elementor-drop-cap-letter{width:1em;height:1em}.elementor-widget-text-editor .elementor-drop-cap{float:left;text-align:center;line-height:1;font-size:50px}.elementor-widget-text-editor .elementor-drop-cap-letter{display:inline-block}<\/style>\t\t\t\t<p>Ekibimiz, \u00e7al\u0131\u015ft\u0131\u011f\u0131m\u0131z sekt\u00f6rler geni\u015f bilgi birikimine ve \u00f6nemli deneyime sahiptir. \u00c7al\u0131\u015fanlar\u0131m\u0131z\u0131n mesleki becerilerini s\u00fcrekli geli\u015ftirmek ve \u00e7al\u0131\u015fanlar\u0131m\u0131z\u0131 korumak i\u00e7in elimizden gelenin en iyisini yapar\u0131z. En Group\u00a0 parf\u00fcm, restoran, mobilya, saat, restoran gibi sekt\u00f6rleri b\u00fcnyesinde bulundurma\u011f\u0131n \u00fcstesinden en iyi \u015fekilde geliyor. \u00c7\u00fcnki uzmanlar\u0131 sekt\u00f6rler hakk\u0131nda e\u015fit derecede derinlemesine bilgi sahibidir. <br \/><br \/><\/p>\t\t\t\t\t\t<\/div>\n\t\t\t\t<\/div>\n\t\t\t\t\t<\/div>\n\t\t<\/div>\n\t\t\t\t\t\t\t<\/div>\n\t\t<\/section>\n\t\t\t\t<section class=\"elementor-section elementor-top-section elementor-element elementor-element-d648422 elementor-section-boxed elementor-section-height-default elementor-section-height-default\" data-id=\"d648422\" data-element_type=\"section\" data-settings=\"{&quot;background_background&quot;:&quot;classic&quot;}\">\n\t\t\t\t\t\t<div class=\"elementor-container elementor-column-gap-default\">\n\t\t\t\t\t<div class=\"elementor-column elementor-col-100 elementor-top-column elementor-element elementor-element-129ebdd\" data-id=\"129ebdd\" data-element_type=\"column\">\n\t\t\t<div class=\"elementor-widget-wrap elementor-element-populated\">\n\t\t\t\t\t\t\t\t<div class=\"elementor-element elementor-element-5d20f13 elementor-widget elementor-widget-image\" data-id=\"5d20f13\" data-element_type=\"widget\" data-widget_type=\"image.default\">\n\t\t\t\t<div class=\"elementor-widget-container\">\n\t\t\t<style>\/*! elementor - v3.6.8 - 27-07-2022 *\/\n.elementor-widget-image{text-align:center}.elementor-widget-image a{display:inline-block}.elementor-widget-image a img[src$=\".svg\"]{width:48px}.elementor-widget-image img{vertical-align:middle;display:inline-block}<\/style>\t\t\t\t\t\t\t\t\t\t\t\t<img loading=\"lazy\" decoding=\"async\" width=\"2573\" height=\"1149\" src=\"https:\/\/engroup.com.tr\/wp-content\/uploads\/2021\/09\/\u041c\u043e\u043d\u0442\u0430\u0436\u043d\u0430\u044f-\u043e\u0431\u043b\u0430\u0441\u0442\u044c-50@4x.png\" class=\"attachment-full size-full\" alt=\"en group kozmetik\" srcset=\"https:\/\/engroup.com.tr\/wp-content\/uploads\/2021\/09\/\u041c\u043e\u043d\u0442\u0430\u0436\u043d\u0430\u044f-\u043e\u0431\u043b\u0430\u0441\u0442\u044c-50@4x.png 2573w, https:\/\/engroup.com.tr\/wp-content\/uploads\/2021\/09\/\u041c\u043e\u043d\u0442\u0430\u0436\u043d\u0430\u044f-\u043e\u0431\u043b\u0430\u0441\u0442\u044c-50@4x-300x134.png 300w, https:\/\/engroup.com.tr\/wp-content\/uploads\/2021\/09\/\u041c\u043e\u043d\u0442\u0430\u0436\u043d\u0430\u044f-\u043e\u0431\u043b\u0430\u0441\u0442\u044c-50@4x-1024x457.png 1024w, https:\/\/engroup.com.tr\/wp-content\/uploads\/2021\/09\/\u041c\u043e\u043d\u0442\u0430\u0436\u043d\u0430\u044f-\u043e\u0431\u043b\u0430\u0441\u0442\u044c-50@4x-768x343.png 768w, https:\/\/engroup.com.tr\/wp-content\/uploads\/2021\/09\/\u041c\u043e\u043d\u0442\u0430\u0436\u043d\u0430\u044f-\u043e\u0431\u043b\u0430\u0441\u0442\u044c-50@4x-1536x686.png 1536w, https:\/\/engroup.com.tr\/wp-content\/uploads\/2021\/09\/\u041c\u043e\u043d\u0442\u0430\u0436\u043d\u0430\u044f-\u043e\u0431\u043b\u0430\u0441\u0442\u044c-50@4x-2048x915.png 2048w\" sizes=\"auto, (max-width: 2573px) 100vw, 2573px\" \/>\t\t\t\t\t\t\t\t\t\t\t\t\t\t\t<\/div>\n\t\t\t\t<\/div>\n\t\t\t\t\t<\/div>\n\t\t<\/div>\n\t\t\t\t\t\t\t<\/div>\n\t\t<\/section>\n\t\t\t\t\t\t\t<\/div>\n\t\t","protected":false},"excerpt":{"rendered":"<p>Sekt\u00f6rler Ekibimiz, \u00e7al\u0131\u015ft\u0131\u011f\u0131m\u0131z sekt\u00f6rler geni\u015f bilgi birikimine ve \u00f6nemli deneyime sahiptir. \u00c7al\u0131\u015fanlar\u0131m\u0131z\u0131n mesleki becerilerini s\u00fcrekli geli\u015ftirmek ve \u00e7al\u0131\u015fanlar\u0131m\u0131z\u0131 korumak i\u00e7in elimizden gelenin en iyisini yapar\u0131z. En Group\u00a0 parf\u00fcm, restoran, mobilya, saat, restoran gibi sekt\u00f6rleri b\u00fcnyesinde bulundurma\u011f\u0131n \u00fcstesinden en iyi \u015fekilde geliyor. \u00c7\u00fcnki uzmanlar\u0131 sekt\u00f6rler hakk\u0131nda e\u015fit derecede derinlemesine bilgi sahibidir.<\/p>\n","protected":false},"author":1,"featured_media":0,"parent":0,"menu_order":0,"comment_status":"closed","ping_status":"closed","template":"","meta":{"footnotes":""},"class_list":["post-1151","page","type-page","status-publish","hentry"],"uagb_featured_image_src":{"full":false,"thumbnail":false,"medium":false,"medium_large":false,"large":false,"1536x1536":false,"2048x2048":false},"uagb_author_info":{"display_name":"admin","author_link":"https:\/\/engroup.com.tr\/index.php\/author\/admin\/"},"uagb_comment_info":0,"uagb_excerpt":"Sekt\u00f6rler Ekibimiz, \u00e7al\u0131\u015ft\u0131\u011f\u0131m\u0131z sekt\u00f6rler geni\u015f bilgi birikimine ve \u00f6nemli deneyime sahiptir. \u00c7al\u0131\u015fanlar\u0131m\u0131z\u0131n mesleki becerilerini s\u00fcrekli geli\u015ftirmek ve \u00e7al\u0131\u015fanlar\u0131m\u0131z\u0131 korumak i\u00e7in elimizden gelenin en iyisini yapar\u0131z. En Group\u00a0 parf\u00fcm, restoran, mobilya, saat, restoran gibi sekt\u00f6rleri b\u00fcnyesinde bulundurma\u011f\u0131n \u00fcstesinden en iyi \u015fekilde geliyor. \u00c7\u00fcnki uzmanlar\u0131 sekt\u00f6rler hakk\u0131nda e\u015fit derecede derinlemesine bilgi sahibidir.","_links":{"self":[{"href":"https:\/\/engroup.com.tr\/index.php\/wp-json\/wp\/v2\/pages\/1151","targetHints":{"allow":["GET"]}}],"collection":[{"href":"https:\/\/engroup.com.tr\/index.php\/wp-json\/wp\/v2\/pages"}],"about":[{"href":"https:\/\/engroup.com.tr\/index.php\/wp-json\/wp\/v2\/types\/page"}],"author":[{"embeddable":true,"href":"https:\/\/engroup.com.tr\/index.php\/wp-json\/wp\/v2\/users\/1"}],"replies":[{"embeddable":true,"href":"https:\/\/engroup.com.tr\/index.php\/wp-json\/wp\/v2\/comments?post=1151"}],"version-history":[{"count":22,"href":"https:\/\/engroup.com.tr\/index.php\/wp-json\/wp\/v2\/pages\/1151\/revisions"}],"predecessor-version":[{"id":2008,"href":"https:\/\/engroup.com.tr\/index.php\/wp-json\/wp\/v2\/pages\/1151\/revisions\/2008"}],"wp:attachment":[{"href":"https:\/\/engroup.com.tr\/index.php\/wp-json\/wp\/v2\/media?parent=1151"}],"curies":[{"name":"wp","href":"https:\/\/api.w.org\/{rel}","templated":true}]}}