{"id":1139,"date":"2021-09-09T14:37:58","date_gmt":"2021-09-09T11:37:58","guid":{"rendered":"http:\/\/engroup.com.tr\/?page_id=1139"},"modified":"2021-10-21T22:33:52","modified_gmt":"2021-10-21T19:33:52","slug":"ekipimiz","status":"publish","type":"page","link":"https:\/\/engroup.com.tr\/index.php\/ekipimiz\/","title":{"rendered":"Ekipimiz"},"content":{"rendered":"\t\t<div data-elementor-type=\"wp-page\" data-elementor-id=\"1139\" class=\"elementor elementor-1139\">\n\t\t\t\t\t\t\t\t\t<section class=\"elementor-section elementor-top-section elementor-element elementor-element-4104fe7 elementor-section-boxed elementor-section-height-default elementor-section-height-default\" data-id=\"4104fe7\" data-element_type=\"section\" data-settings=\"{&quot;background_background&quot;:&quot;classic&quot;}\">\n\t\t\t\t\t\t<div class=\"elementor-container elementor-column-gap-default\">\n\t\t\t\t\t<div class=\"elementor-column elementor-col-100 elementor-top-column elementor-element elementor-element-cef1a5f\" data-id=\"cef1a5f\" data-element_type=\"column\">\n\t\t\t<div class=\"elementor-widget-wrap elementor-element-populated\">\n\t\t\t\t\t\t\t\t<div class=\"elementor-element elementor-element-a2817b3 elementor-widget elementor-widget-image\" data-id=\"a2817b3\" data-element_type=\"widget\" data-widget_type=\"image.default\">\n\t\t\t\t<div class=\"elementor-widget-container\">\n\t\t\t<style>\/*! elementor - v3.6.8 - 27-07-2022 *\/\n.elementor-widget-image{text-align:center}.elementor-widget-image a{display:inline-block}.elementor-widget-image a img[src$=\".svg\"]{width:48px}.elementor-widget-image img{vertical-align:middle;display:inline-block}<\/style>\t\t\t\t\t\t\t\t\t\t\t\t<img loading=\"lazy\" decoding=\"async\" width=\"1024\" height=\"1024\" src=\"https:\/\/engroup.com.tr\/wp-content\/uploads\/2021\/10\/go\u0308ru\u0308ntu\u0308.jpeg-4-1024x1024.jpg\" class=\"attachment-large size-large\" alt=\"\" srcset=\"https:\/\/engroup.com.tr\/wp-content\/uploads\/2021\/10\/go\u0308ru\u0308ntu\u0308.jpeg-4-1024x1024.jpg 1024w, https:\/\/engroup.com.tr\/wp-content\/uploads\/2021\/10\/go\u0308ru\u0308ntu\u0308.jpeg-4-300x300.jpg 300w, https:\/\/engroup.com.tr\/wp-content\/uploads\/2021\/10\/go\u0308ru\u0308ntu\u0308.jpeg-4-150x150.jpg 150w, https:\/\/engroup.com.tr\/wp-content\/uploads\/2021\/10\/go\u0308ru\u0308ntu\u0308.jpeg-4-768x768.jpg 768w, https:\/\/engroup.com.tr\/wp-content\/uploads\/2021\/10\/go\u0308ru\u0308ntu\u0308.jpeg-4.jpg 1080w\" sizes=\"auto, (max-width: 1024px) 100vw, 1024px\" \/>\t\t\t\t\t\t\t\t\t\t\t\t\t\t\t<\/div>\n\t\t\t\t<\/div>\n\t\t\t\t\t<\/div>\n\t\t<\/div>\n\t\t\t\t\t\t\t<\/div>\n\t\t<\/section>\n\t\t\t\t<section class=\"elementor-section elementor-top-section elementor-element elementor-element-e559ac1 elementor-section-boxed elementor-section-height-default elementor-section-height-default\" data-id=\"e559ac1\" data-element_type=\"section\" data-settings=\"{&quot;background_background&quot;:&quot;classic&quot;}\">\n\t\t\t\t\t\t<div class=\"elementor-container elementor-column-gap-default\">\n\t\t\t\t\t<div class=\"elementor-column elementor-col-100 elementor-top-column elementor-element elementor-element-f2b057b\" data-id=\"f2b057b\" data-element_type=\"column\">\n\t\t\t<div class=\"elementor-widget-wrap elementor-element-populated\">\n\t\t\t\t\t\t\t\t<div class=\"elementor-element elementor-element-52f3041 elementor-widget elementor-widget-heading\" data-id=\"52f3041\" data-element_type=\"widget\" data-widget_type=\"heading.default\">\n\t\t\t\t<div class=\"elementor-widget-container\">\n\t\t\t<style>\/*! elementor - v3.6.8 - 27-07-2022 *\/\n.elementor-heading-title{padding:0;margin:0;line-height:1}.elementor-widget-heading .elementor-heading-title[class*=elementor-size-]>a{color:inherit;font-size:inherit;line-height:inherit}.elementor-widget-heading .elementor-heading-title.elementor-size-small{font-size:15px}.elementor-widget-heading .elementor-heading-title.elementor-size-medium{font-size:19px}.elementor-widget-heading .elementor-heading-title.elementor-size-large{font-size:29px}.elementor-widget-heading .elementor-heading-title.elementor-size-xl{font-size:39px}.elementor-widget-heading .elementor-heading-title.elementor-size-xxl{font-size:59px}<\/style><h5 class=\"elementor-heading-title elementor-size-default\">Bir araya gelmek ba\u015flang\u0131\u00e7t\u0131r, birlikte olmak ilerlemedir ve birlikte \u00e7al\u0131\u015fmak ba\u015far\u0131d\u0131r. (H.Ford)\nEkip \u00fcyeleri birlikte \u00e7al\u0131\u015f\u0131r ve birbirlerine yard\u0131m ederlerse sonu\u00e7 daha karl\u0131 ve daha iyi olacakt\u0131r. Daha da \u00f6nemlisi, ekip \u00e7al\u0131\u015fmas\u0131n\u0131n \u00e7al\u0131\u015fan ili\u015fkileri \u00fczerinde olumlu bir etkisi vard\u0131r. Bu, \u00e7al\u0131\u015fanlar aras\u0131nda kar\u015f\u0131l\u0131kl\u0131 g\u00fcvene dayal\u0131 g\u00fc\u00e7l\u00fc bir ili\u015fki olu\u015fturacakt\u0131r. \u00c7\u00fcnk\u00fc ortak bir ama\u00e7 i\u00e7in \u00e7al\u0131\u015fmak, \u00e7al\u0131\u015fanlar\u0131 bir ekibin \u00fcyesi gibi hissettiren ortak bir motivasyondur.\nBizleri bir araya toplayan deyerler ve bu deyerlerin hakk\u0131n\u0131 veren markalar vard\u0131r.\nEkip olarak hizmetlerimizi geli\u015ftirmek i\u00e7in her g\u00fcn \u00e7al\u0131\u015f\u0131yoruz. \u00c7\u00fcnki biz kusursuz m\u00fc\u015fteri hizmeti tutkusuna ve m\u00fcmk\u00fcn olan en iyi h\u0131zmeti sunmaya kendini adam\u0131\u015f sad\u0131k bir ekibiz.<\/h5>\t\t<\/div>\n\t\t\t\t<\/div>\n\t\t\t\t\t<\/div>\n\t\t<\/div>\n\t\t\t\t\t\t\t<\/div>\n\t\t<\/section>\n\t\t\t\t\t\t\t<\/div>\n\t\t","protected":false},"excerpt":{"rendered":"<p>Bir araya gelmek ba\u015flang\u0131\u00e7t\u0131r, birlikte olmak ilerlemedir ve birlikte \u00e7al\u0131\u015fmak ba\u015far\u0131d\u0131r. (H.Ford) Ekip \u00fcyeleri birlikte \u00e7al\u0131\u015f\u0131r ve birbirlerine yard\u0131m ederlerse sonu\u00e7 daha karl\u0131 ve daha iyi olacakt\u0131r. Daha da \u00f6nemlisi, ekip \u00e7al\u0131\u015fmas\u0131n\u0131n \u00e7al\u0131\u015fan ili\u015fkileri \u00fczerinde olumlu bir etkisi vard\u0131r. Bu, \u00e7al\u0131\u015fanlar aras\u0131nda kar\u015f\u0131l\u0131kl\u0131 g\u00fcvene dayal\u0131 g\u00fc\u00e7l\u00fc bir ili\u015fki olu\u015fturacakt\u0131r. \u00c7\u00fcnk\u00fc ortak bir ama\u00e7 i\u00e7in \u00e7al\u0131\u015fmak, &hellip;<\/p>\n<p class=\"read-more\"> <a class=\"\" href=\"https:\/\/engroup.com.tr\/index.php\/ekipimiz\/\"> <span class=\"screen-reader-text\">Ekipimiz<\/span> Devam\u0131 &raquo;<\/a><\/p>\n","protected":false},"author":1,"featured_media":0,"parent":0,"menu_order":0,"comment_status":"closed","ping_status":"closed","template":"","meta":{"footnotes":""},"class_list":["post-1139","page","type-page","status-publish","hentry"],"uagb_featured_image_src":{"full":false,"thumbnail":false,"medium":false,"medium_large":false,"large":false,"1536x1536":false,"2048x2048":false},"uagb_author_info":{"display_name":"admin","author_link":"https:\/\/engroup.com.tr\/index.php\/author\/admin\/"},"uagb_comment_info":0,"uagb_excerpt":"Bir araya gelmek ba\u015flang\u0131\u00e7t\u0131r, birlikte olmak ilerlemedir ve birlikte \u00e7al\u0131\u015fmak ba\u015far\u0131d\u0131r. (H.Ford) Ekip \u00fcyeleri birlikte \u00e7al\u0131\u015f\u0131r ve birbirlerine yard\u0131m ederlerse sonu\u00e7 daha karl\u0131 ve daha iyi olacakt\u0131r. Daha da \u00f6nemlisi, ekip \u00e7al\u0131\u015fmas\u0131n\u0131n \u00e7al\u0131\u015fan ili\u015fkileri \u00fczerinde olumlu bir etkisi vard\u0131r. Bu, \u00e7al\u0131\u015fanlar aras\u0131nda kar\u015f\u0131l\u0131kl\u0131 g\u00fcvene dayal\u0131 g\u00fc\u00e7l\u00fc bir ili\u015fki olu\u015fturacakt\u0131r. \u00c7\u00fcnk\u00fc ortak bir ama\u00e7 i\u00e7in \u00e7al\u0131\u015fmak,&hellip;","_links":{"self":[{"href":"https:\/\/engroup.com.tr\/index.php\/wp-json\/wp\/v2\/pages\/1139","targetHints":{"allow":["GET"]}}],"collection":[{"href":"https:\/\/engroup.com.tr\/index.php\/wp-json\/wp\/v2\/pages"}],"about":[{"href":"https:\/\/engroup.com.tr\/index.php\/wp-json\/wp\/v2\/types\/page"}],"author":[{"embeddable":true,"href":"https:\/\/engroup.com.tr\/index.php\/wp-json\/wp\/v2\/users\/1"}],"replies":[{"embeddable":true,"href":"https:\/\/engroup.com.tr\/index.php\/wp-json\/wp\/v2\/comments?post=1139"}],"version-history":[{"count":7,"href":"https:\/\/engroup.com.tr\/index.php\/wp-json\/wp\/v2\/pages\/1139\/revisions"}],"predecessor-version":[{"id":1888,"href":"https:\/\/engroup.com.tr\/index.php\/wp-json\/wp\/v2\/pages\/1139\/revisions\/1888"}],"wp:attachment":[{"href":"https:\/\/engroup.com.tr\/index.php\/wp-json\/wp\/v2\/media?parent=1139"}],"curies":[{"name":"wp","href":"https:\/\/api.w.org\/{rel}","templated":true}]}}