{"id":1133,"date":"2021-09-09T14:37:01","date_gmt":"2021-09-09T11:37:01","guid":{"rendered":"http:\/\/engroup.com.tr\/?page_id=1133"},"modified":"2021-10-21T21:25:18","modified_gmt":"2021-10-21T18:25:18","slug":"misyon","status":"publish","type":"page","link":"https:\/\/engroup.com.tr\/index.php\/misyon\/","title":{"rendered":"Misyon"},"content":{"rendered":"\t\t<div data-elementor-type=\"wp-page\" data-elementor-id=\"1133\" class=\"elementor elementor-1133\">\n\t\t\t\t\t\t\t\t\t<section class=\"elementor-section elementor-top-section elementor-element elementor-element-55bf069 elementor-section-boxed elementor-section-height-default elementor-section-height-default\" data-id=\"55bf069\" data-element_type=\"section\" data-settings=\"{&quot;background_background&quot;:&quot;classic&quot;}\">\n\t\t\t\t\t\t<div class=\"elementor-container elementor-column-gap-default\">\n\t\t\t\t\t<div class=\"elementor-column elementor-col-100 elementor-top-column elementor-element elementor-element-2c1dfdb\" data-id=\"2c1dfdb\" data-element_type=\"column\">\n\t\t\t<div class=\"elementor-widget-wrap elementor-element-populated\">\n\t\t\t\t\t\t\t\t<div class=\"elementor-element elementor-element-276f18b elementor-widget elementor-widget-heading\" data-id=\"276f18b\" data-element_type=\"widget\" data-widget_type=\"heading.default\">\n\t\t\t\t<div class=\"elementor-widget-container\">\n\t\t\t<style>\/*! elementor - v3.6.8 - 27-07-2022 *\/\n.elementor-heading-title{padding:0;margin:0;line-height:1}.elementor-widget-heading .elementor-heading-title[class*=elementor-size-]>a{color:inherit;font-size:inherit;line-height:inherit}.elementor-widget-heading .elementor-heading-title.elementor-size-small{font-size:15px}.elementor-widget-heading .elementor-heading-title.elementor-size-medium{font-size:19px}.elementor-widget-heading .elementor-heading-title.elementor-size-large{font-size:29px}.elementor-widget-heading .elementor-heading-title.elementor-size-xl{font-size:39px}.elementor-widget-heading .elementor-heading-title.elementor-size-xxl{font-size:59px}<\/style><h2 class=\"elementor-heading-title elementor-size-default\">Misyon<\/h2>\t\t<\/div>\n\t\t\t\t<\/div>\n\t\t\t\t<div class=\"elementor-element elementor-element-e0558b0 elementor-widget elementor-widget-image\" data-id=\"e0558b0\" data-element_type=\"widget\" data-widget_type=\"image.default\">\n\t\t\t\t<div class=\"elementor-widget-container\">\n\t\t\t<style>\/*! elementor - v3.6.8 - 27-07-2022 *\/\n.elementor-widget-image{text-align:center}.elementor-widget-image a{display:inline-block}.elementor-widget-image a img[src$=\".svg\"]{width:48px}.elementor-widget-image img{vertical-align:middle;display:inline-block}<\/style>\t\t\t\t\t\t\t\t\t\t\t\t<img loading=\"lazy\" decoding=\"async\" width=\"768\" height=\"390\" src=\"https:\/\/engroup.com.tr\/wp-content\/uploads\/2021\/10\/shaking-hands-g8fcc683fe_1920-768x390.jpg\" class=\"attachment-medium_large size-medium_large\" alt=\"\" srcset=\"https:\/\/engroup.com.tr\/wp-content\/uploads\/2021\/10\/shaking-hands-g8fcc683fe_1920-768x390.jpg 768w, https:\/\/engroup.com.tr\/wp-content\/uploads\/2021\/10\/shaking-hands-g8fcc683fe_1920-300x152.jpg 300w, https:\/\/engroup.com.tr\/wp-content\/uploads\/2021\/10\/shaking-hands-g8fcc683fe_1920-1024x519.jpg 1024w, https:\/\/engroup.com.tr\/wp-content\/uploads\/2021\/10\/shaking-hands-g8fcc683fe_1920-1536x779.jpg 1536w, https:\/\/engroup.com.tr\/wp-content\/uploads\/2021\/10\/shaking-hands-g8fcc683fe_1920.jpg 1920w\" sizes=\"auto, (max-width: 768px) 100vw, 768px\" \/>\t\t\t\t\t\t\t\t\t\t\t\t\t\t\t<\/div>\n\t\t\t\t<\/div>\n\t\t\t\t\t<\/div>\n\t\t<\/div>\n\t\t\t\t\t\t\t<\/div>\n\t\t<\/section>\n\t\t\t\t<section class=\"elementor-section elementor-top-section elementor-element elementor-element-04ec435 elementor-section-boxed elementor-section-height-default elementor-section-height-default\" data-id=\"04ec435\" data-element_type=\"section\" data-settings=\"{&quot;background_background&quot;:&quot;classic&quot;}\">\n\t\t\t\t\t\t<div class=\"elementor-container elementor-column-gap-default\">\n\t\t\t\t\t<div class=\"elementor-column elementor-col-100 elementor-top-column elementor-element elementor-element-be94d73\" data-id=\"be94d73\" data-element_type=\"column\">\n\t\t\t<div class=\"elementor-widget-wrap elementor-element-populated\">\n\t\t\t\t\t\t\t\t<div class=\"elementor-element elementor-element-a4957e3 elementor-widget elementor-widget-heading\" data-id=\"a4957e3\" data-element_type=\"widget\" data-widget_type=\"heading.default\">\n\t\t\t\t<div class=\"elementor-widget-container\">\n\t\t\t<h5 class=\"elementor-heading-title elementor-size-default\">M\u00fc\u015fterilerimizin, ortaklar\u0131m\u0131z\u0131n ve kendimizin g\u00fcvenini kazanmak i\u00e7in durmadan \u00e7al\u0131\u015f\u0131yoruz.\nUzun vadeli hedeflere ula\u015fmak i\u00e7in uzun seneleri kapsayacak stratejik planlar uygulayan ve bu hedefe giden yolda ad\u0131m ad\u0131m ilerleyen \u015firket, m\u00fc\u015fterilerini varl\u0131k nedeni olarak g\u00f6rmekte ve onlar\u0131n memnuniyetini esas almaktad\u0131r. Geli\u015fim, bug\u00fcnk\u00fc hayat\u0131m\u0131z\u0131n ger\u00e7e\u011fidir. En Group olarak bu sorumlulu\u011fu anl\u0131yor, birlikte b\u00fcy\u00fcmek i\u00e7in t\u00fcm markalar\u0131m\u0131zla yenilik\u00e7i \u00e7\u00f6z\u00fcmler sunmaya \u00e7al\u0131\u015f\u0131yoruz<\/h5>\t\t<\/div>\n\t\t\t\t<\/div>\n\t\t\t\t\t<\/div>\n\t\t<\/div>\n\t\t\t\t\t\t\t<\/div>\n\t\t<\/section>\n\t\t\t\t\t\t\t<\/div>\n\t\t","protected":false},"excerpt":{"rendered":"<p>Misyon M\u00fc\u015fterilerimizin, ortaklar\u0131m\u0131z\u0131n ve kendimizin g\u00fcvenini kazanmak i\u00e7in durmadan \u00e7al\u0131\u015f\u0131yoruz. Uzun vadeli hedeflere ula\u015fmak i\u00e7in uzun seneleri kapsayacak stratejik planlar uygulayan ve bu hedefe giden yolda ad\u0131m ad\u0131m ilerleyen \u015firket, m\u00fc\u015fterilerini varl\u0131k nedeni olarak g\u00f6rmekte ve onlar\u0131n memnuniyetini esas almaktad\u0131r. Geli\u015fim, bug\u00fcnk\u00fc hayat\u0131m\u0131z\u0131n ger\u00e7e\u011fidir. En Group olarak bu sorumlulu\u011fu anl\u0131yor, birlikte b\u00fcy\u00fcmek i\u00e7in t\u00fcm markalar\u0131m\u0131zla &hellip;<\/p>\n<p class=\"read-more\"> <a class=\"\" href=\"https:\/\/engroup.com.tr\/index.php\/misyon\/\"> <span class=\"screen-reader-text\">Misyon<\/span> Devam\u0131 &raquo;<\/a><\/p>\n","protected":false},"author":1,"featured_media":0,"parent":0,"menu_order":0,"comment_status":"closed","ping_status":"closed","template":"","meta":{"footnotes":""},"class_list":["post-1133","page","type-page","status-publish","hentry"],"uagb_featured_image_src":{"full":false,"thumbnail":false,"medium":false,"medium_large":false,"large":false,"1536x1536":false,"2048x2048":false},"uagb_author_info":{"display_name":"admin","author_link":"https:\/\/engroup.com.tr\/index.php\/author\/admin\/"},"uagb_comment_info":0,"uagb_excerpt":"Misyon M\u00fc\u015fterilerimizin, ortaklar\u0131m\u0131z\u0131n ve kendimizin g\u00fcvenini kazanmak i\u00e7in durmadan \u00e7al\u0131\u015f\u0131yoruz. Uzun vadeli hedeflere ula\u015fmak i\u00e7in uzun seneleri kapsayacak stratejik planlar uygulayan ve bu hedefe giden yolda ad\u0131m ad\u0131m ilerleyen \u015firket, m\u00fc\u015fterilerini varl\u0131k nedeni olarak g\u00f6rmekte ve onlar\u0131n memnuniyetini esas almaktad\u0131r. Geli\u015fim, bug\u00fcnk\u00fc hayat\u0131m\u0131z\u0131n ger\u00e7e\u011fidir. En Group olarak bu sorumlulu\u011fu anl\u0131yor, birlikte b\u00fcy\u00fcmek i\u00e7in t\u00fcm markalar\u0131m\u0131zla&hellip;","_links":{"self":[{"href":"https:\/\/engroup.com.tr\/index.php\/wp-json\/wp\/v2\/pages\/1133","targetHints":{"allow":["GET"]}}],"collection":[{"href":"https:\/\/engroup.com.tr\/index.php\/wp-json\/wp\/v2\/pages"}],"about":[{"href":"https:\/\/engroup.com.tr\/index.php\/wp-json\/wp\/v2\/types\/page"}],"author":[{"embeddable":true,"href":"https:\/\/engroup.com.tr\/index.php\/wp-json\/wp\/v2\/users\/1"}],"replies":[{"embeddable":true,"href":"https:\/\/engroup.com.tr\/index.php\/wp-json\/wp\/v2\/comments?post=1133"}],"version-history":[{"count":10,"href":"https:\/\/engroup.com.tr\/index.php\/wp-json\/wp\/v2\/pages\/1133\/revisions"}],"predecessor-version":[{"id":1834,"href":"https:\/\/engroup.com.tr\/index.php\/wp-json\/wp\/v2\/pages\/1133\/revisions\/1834"}],"wp:attachment":[{"href":"https:\/\/engroup.com.tr\/index.php\/wp-json\/wp\/v2\/media?parent=1133"}],"curies":[{"name":"wp","href":"https:\/\/api.w.org\/{rel}","templated":true}]}}