{"id":1131,"date":"2021-09-09T14:36:29","date_gmt":"2021-09-09T11:36:29","guid":{"rendered":"http:\/\/engroup.com.tr\/?page_id=1131"},"modified":"2021-10-21T23:17:29","modified_gmt":"2021-10-21T20:17:29","slug":"vizyon","status":"publish","type":"page","link":"https:\/\/engroup.com.tr\/index.php\/vizyon\/","title":{"rendered":"Vizyon"},"content":{"rendered":"\t\t<div data-elementor-type=\"wp-page\" data-elementor-id=\"1131\" class=\"elementor elementor-1131\">\n\t\t\t\t\t\t\t\t\t<section class=\"elementor-section elementor-top-section elementor-element elementor-element-d6be823 elementor-section-boxed elementor-section-height-default elementor-section-height-default\" data-id=\"d6be823\" data-element_type=\"section\" data-settings=\"{&quot;background_background&quot;:&quot;classic&quot;}\">\n\t\t\t\t\t\t<div class=\"elementor-container elementor-column-gap-default\">\n\t\t\t\t\t<div class=\"elementor-column elementor-col-50 elementor-top-column elementor-element elementor-element-5ede775\" data-id=\"5ede775\" data-element_type=\"column\">\n\t\t\t<div class=\"elementor-widget-wrap elementor-element-populated\">\n\t\t\t\t\t\t\t\t<div class=\"elementor-element elementor-element-791891c elementor-widget elementor-widget-spacer\" data-id=\"791891c\" data-element_type=\"widget\" data-widget_type=\"spacer.default\">\n\t\t\t\t<div class=\"elementor-widget-container\">\n\t\t\t<style>\/*! elementor - v3.6.8 - 27-07-2022 *\/\n.e-container.e-container--row .elementor-spacer-inner{width:var(--spacer-size)}.e-container.e-container--column .elementor-spacer-inner,.elementor-column .elementor-spacer-inner{height:var(--spacer-size)}<\/style>\t\t<div class=\"elementor-spacer\">\n\t\t\t<div class=\"elementor-spacer-inner\"><\/div>\n\t\t<\/div>\n\t\t\t\t<\/div>\n\t\t\t\t<\/div>\n\t\t\t\t<div class=\"elementor-element elementor-element-7c74799 elementor-widget elementor-widget-heading\" data-id=\"7c74799\" data-element_type=\"widget\" data-widget_type=\"heading.default\">\n\t\t\t\t<div class=\"elementor-widget-container\">\n\t\t\t<style>\/*! elementor - v3.6.8 - 27-07-2022 *\/\n.elementor-heading-title{padding:0;margin:0;line-height:1}.elementor-widget-heading .elementor-heading-title[class*=elementor-size-]>a{color:inherit;font-size:inherit;line-height:inherit}.elementor-widget-heading .elementor-heading-title.elementor-size-small{font-size:15px}.elementor-widget-heading .elementor-heading-title.elementor-size-medium{font-size:19px}.elementor-widget-heading .elementor-heading-title.elementor-size-large{font-size:29px}.elementor-widget-heading .elementor-heading-title.elementor-size-xl{font-size:39px}.elementor-widget-heading .elementor-heading-title.elementor-size-xxl{font-size:59px}<\/style><h2 class=\"elementor-heading-title elementor-size-default\">Vizyon<\/h2>\t\t<\/div>\n\t\t\t\t<\/div>\n\t\t\t\t\t<\/div>\n\t\t<\/div>\n\t\t\t\t<div class=\"elementor-column elementor-col-50 elementor-top-column elementor-element elementor-element-e1d51ca\" data-id=\"e1d51ca\" data-element_type=\"column\">\n\t\t\t<div class=\"elementor-widget-wrap elementor-element-populated\">\n\t\t\t\t\t\t\t\t<div class=\"elementor-element elementor-element-0886f23 elementor-drop-cap-yes elementor-drop-cap-view-framed elementor-widget elementor-widget-text-editor\" data-id=\"0886f23\" data-element_type=\"widget\" data-settings=\"{&quot;drop_cap&quot;:&quot;yes&quot;}\" data-widget_type=\"text-editor.default\">\n\t\t\t\t<div class=\"elementor-widget-container\">\n\t\t\t<style>\/*! elementor - v3.6.8 - 27-07-2022 *\/\n.elementor-widget-text-editor.elementor-drop-cap-view-stacked .elementor-drop-cap{background-color:#818a91;color:#fff}.elementor-widget-text-editor.elementor-drop-cap-view-framed .elementor-drop-cap{color:#818a91;border:3px solid;background-color:transparent}.elementor-widget-text-editor:not(.elementor-drop-cap-view-default) .elementor-drop-cap{margin-top:8px}.elementor-widget-text-editor:not(.elementor-drop-cap-view-default) .elementor-drop-cap-letter{width:1em;height:1em}.elementor-widget-text-editor .elementor-drop-cap{float:left;text-align:center;line-height:1;font-size:50px}.elementor-widget-text-editor .elementor-drop-cap-letter{display:inline-block}<\/style>\t\t\t\t<p>Kuruldu\u011fu g\u00fcnden bu yana \u00f6nceliyini&nbsp; gen\u00e7lerin daha nitekli personel olmas\u0131na yard\u0131m ederek&nbsp; uzun vadeli hedefler ve bu hedeflere ula\u015fmak i\u00e7in verimlili\u011fi ana felsefe haline getiren bir \u015firketler grubu olan En Group farkl\u0131 sekt\u00f6rlerde faaliyet g\u00f6steren \u015firketleri bir araya getirerek \u00fclke ekonomisine katk\u0131 sa\u011flamakla beraber ayn\u0131 zamanda binden fazla ki\u015fiye istihdam olana\u011f\u0131 sa\u011flamakdad\u0131r. Faaliyet g\u00f6sterdi\u011fi sekt\u00f6rlerde \u00fcr\u00fcnlerin \u00fcretiminde lider olmay\u0131 hedefleyen bir grup \u015firket, insan kaynaklar\u0131 y\u00f6netimi, \u00fcretim kalitesi, hizmet iyile\u015ftirme ve m\u00fc\u015fteri alanlar\u0131nda d\u00fcnyaca \u00fcnl\u00fc \u015firketlerle i\u015fbirli\u011fi yapmaktad\u0131r. En Group ve \u00e7al\u0131\u015fanlar\u0131 gelecek planlar\u0131n\u0131 hayata ge\u00e7irmek i\u00e7in memnuniyete \u00f6zellikle \u00f6nem verir.<br><br><\/p>\t\t\t\t\t\t<\/div>\n\t\t\t\t<\/div>\n\t\t\t\t\t<\/div>\n\t\t<\/div>\n\t\t\t\t\t\t\t<\/div>\n\t\t<\/section>\n\t\t\t\t\t\t\t<\/div>\n\t\t","protected":false},"excerpt":{"rendered":"<p>Vizyon Kuruldu\u011fu g\u00fcnden bu yana \u00f6nceliyini&nbsp; gen\u00e7lerin daha nitekli personel olmas\u0131na yard\u0131m ederek&nbsp; uzun vadeli hedefler ve bu hedeflere ula\u015fmak i\u00e7in verimlili\u011fi ana felsefe haline getiren bir \u015firketler grubu olan En Group farkl\u0131 sekt\u00f6rlerde faaliyet g\u00f6steren \u015firketleri bir araya getirerek \u00fclke ekonomisine katk\u0131 sa\u011flamakla beraber ayn\u0131 zamanda binden fazla ki\u015fiye istihdam olana\u011f\u0131 sa\u011flamakdad\u0131r. Faaliyet g\u00f6sterdi\u011fi &hellip;<\/p>\n<p class=\"read-more\"> <a class=\"\" href=\"https:\/\/engroup.com.tr\/index.php\/vizyon\/\"> <span class=\"screen-reader-text\">Vizyon<\/span> Devam\u0131 &raquo;<\/a><\/p>\n","protected":false},"author":1,"featured_media":0,"parent":0,"menu_order":0,"comment_status":"closed","ping_status":"closed","template":"","meta":{"footnotes":""},"class_list":["post-1131","page","type-page","status-publish","hentry"],"uagb_featured_image_src":{"full":false,"thumbnail":false,"medium":false,"medium_large":false,"large":false,"1536x1536":false,"2048x2048":false},"uagb_author_info":{"display_name":"admin","author_link":"https:\/\/engroup.com.tr\/index.php\/author\/admin\/"},"uagb_comment_info":0,"uagb_excerpt":"Vizyon Kuruldu\u011fu g\u00fcnden bu yana \u00f6nceliyini&nbsp; gen\u00e7lerin daha nitekli personel olmas\u0131na yard\u0131m ederek&nbsp; uzun vadeli hedefler ve bu hedeflere ula\u015fmak i\u00e7in verimlili\u011fi ana felsefe haline getiren bir \u015firketler grubu olan En Group farkl\u0131 sekt\u00f6rlerde faaliyet g\u00f6steren \u015firketleri bir araya getirerek \u00fclke ekonomisine katk\u0131 sa\u011flamakla beraber ayn\u0131 zamanda binden fazla ki\u015fiye istihdam olana\u011f\u0131 sa\u011flamakdad\u0131r. Faaliyet g\u00f6sterdi\u011fi&hellip;","_links":{"self":[{"href":"https:\/\/engroup.com.tr\/index.php\/wp-json\/wp\/v2\/pages\/1131","targetHints":{"allow":["GET"]}}],"collection":[{"href":"https:\/\/engroup.com.tr\/index.php\/wp-json\/wp\/v2\/pages"}],"about":[{"href":"https:\/\/engroup.com.tr\/index.php\/wp-json\/wp\/v2\/types\/page"}],"author":[{"embeddable":true,"href":"https:\/\/engroup.com.tr\/index.php\/wp-json\/wp\/v2\/users\/1"}],"replies":[{"embeddable":true,"href":"https:\/\/engroup.com.tr\/index.php\/wp-json\/wp\/v2\/comments?post=1131"}],"version-history":[{"count":16,"href":"https:\/\/engroup.com.tr\/index.php\/wp-json\/wp\/v2\/pages\/1131\/revisions"}],"predecessor-version":[{"id":1919,"href":"https:\/\/engroup.com.tr\/index.php\/wp-json\/wp\/v2\/pages\/1131\/revisions\/1919"}],"wp:attachment":[{"href":"https:\/\/engroup.com.tr\/index.php\/wp-json\/wp\/v2\/media?parent=1131"}],"curies":[{"name":"wp","href":"https:\/\/api.w.org\/{rel}","templated":true}]}}