{"id":1135,"date":"2021-09-09T14:37:21","date_gmt":"2021-09-09T11:37:21","guid":{"rendered":"http:\/\/engroup.com.tr\/?page_id=1135"},"modified":"2021-10-22T00:15:54","modified_gmt":"2021-10-21T21:15:54","slug":"odullerimiz","status":"publish","type":"page","link":"http:\/\/engroup.com.tr\/index.php\/odullerimiz\/","title":{"rendered":"\u00d6d\u00fcllerimiz"},"content":{"rendered":"\t\t<div data-elementor-type=\"wp-page\" data-elementor-id=\"1135\" class=\"elementor elementor-1135\">\n\t\t\t\t\t\t\t\t\t<section class=\"elementor-section elementor-top-section elementor-element elementor-element-2f83521 elementor-section-boxed elementor-section-height-default elementor-section-height-default\" data-id=\"2f83521\" data-element_type=\"section\" data-settings=\"{&quot;background_background&quot;:&quot;classic&quot;}\">\n\t\t\t\t\t\t<div class=\"elementor-container elementor-column-gap-default\">\n\t\t\t\t\t<div class=\"elementor-column elementor-col-100 elementor-top-column elementor-element elementor-element-93281ce\" data-id=\"93281ce\" data-element_type=\"column\">\n\t\t\t<div class=\"elementor-widget-wrap elementor-element-populated\">\n\t\t\t\t\t\t\t\t<div class=\"elementor-element elementor-element-48d831e elementor-widget elementor-widget-heading\" data-id=\"48d831e\" data-element_type=\"widget\" data-widget_type=\"heading.default\">\n\t\t\t\t<div class=\"elementor-widget-container\">\n\t\t\t<style>\/*! elementor - v3.6.8 - 27-07-2022 *\/\n.elementor-heading-title{padding:0;margin:0;line-height:1}.elementor-widget-heading .elementor-heading-title[class*=elementor-size-]>a{color:inherit;font-size:inherit;line-height:inherit}.elementor-widget-heading .elementor-heading-title.elementor-size-small{font-size:15px}.elementor-widget-heading .elementor-heading-title.elementor-size-medium{font-size:19px}.elementor-widget-heading .elementor-heading-title.elementor-size-large{font-size:29px}.elementor-widget-heading .elementor-heading-title.elementor-size-xl{font-size:39px}.elementor-widget-heading .elementor-heading-title.elementor-size-xxl{font-size:59px}<\/style><h2 class=\"elementor-heading-title elementor-size-default\">\u00d6d\u00fcllerimiz<\/h2>\t\t<\/div>\n\t\t\t\t<\/div>\n\t\t\t\t\t<\/div>\n\t\t<\/div>\n\t\t\t\t\t\t\t<\/div>\n\t\t<\/section>\n\t\t\t\t<section class=\"elementor-section elementor-top-section elementor-element elementor-element-d62dbd2 elementor-section-boxed elementor-section-height-default elementor-section-height-default\" data-id=\"d62dbd2\" data-element_type=\"section\" data-settings=\"{&quot;background_background&quot;:&quot;classic&quot;}\">\n\t\t\t\t\t\t<div class=\"elementor-container elementor-column-gap-default\">\n\t\t\t\t\t<div class=\"elementor-column elementor-col-33 elementor-top-column elementor-element elementor-element-5c055a4\" data-id=\"5c055a4\" data-element_type=\"column\">\n\t\t\t<div class=\"elementor-widget-wrap elementor-element-populated\">\n\t\t\t\t\t\t\t\t<div class=\"elementor-element elementor-element-42a0add elementor-widget elementor-widget-image\" data-id=\"42a0add\" data-element_type=\"widget\" data-widget_type=\"image.default\">\n\t\t\t\t<div class=\"elementor-widget-container\">\n\t\t\t<style>\/*! elementor - v3.6.8 - 27-07-2022 *\/\n.elementor-widget-image{text-align:center}.elementor-widget-image a{display:inline-block}.elementor-widget-image a img[src$=\".svg\"]{width:48px}.elementor-widget-image img{vertical-align:middle;display:inline-block}<\/style>\t\t\t\t\t\t\t\t\t<figure class=\"wp-caption\">\n\t\t\t\t\t\t\t\t\t\t<img loading=\"lazy\" decoding=\"async\" width=\"639\" height=\"800\" src=\"http:\/\/engroup.com.tr\/wp-content\/uploads\/2021\/10\/goruntu.jpeg-7_639x800.jpg\" class=\"attachment-full size-full\" alt=\"\" srcset=\"http:\/\/engroup.com.tr\/wp-content\/uploads\/2021\/10\/goruntu.jpeg-7_639x800.jpg 639w, http:\/\/engroup.com.tr\/wp-content\/uploads\/2021\/10\/goruntu.jpeg-7_639x800-240x300.jpg 240w\" sizes=\"auto, (max-width: 639px) 100vw, 639px\" \/>\t\t\t\t\t\t\t\t\t\t\t<figcaption class=\"widget-image-caption wp-caption-text\">2017  Y\u0131l\u0131n\u0131n En Gen\u00e7 \u0130\u015f Adam\u0131<\/figcaption>\n\t\t\t\t\t\t\t\t\t\t<\/figure>\n\t\t\t\t\t\t\t\t\t<\/div>\n\t\t\t\t<\/div>\n\t\t\t\t\t<\/div>\n\t\t<\/div>\n\t\t\t\t<div class=\"elementor-column elementor-col-33 elementor-top-column elementor-element elementor-element-56a8a13\" data-id=\"56a8a13\" data-element_type=\"column\">\n\t\t\t<div class=\"elementor-widget-wrap elementor-element-populated\">\n\t\t\t\t\t\t\t\t<div class=\"elementor-element elementor-element-ffee74d elementor-widget elementor-widget-image\" data-id=\"ffee74d\" data-element_type=\"widget\" data-widget_type=\"image.default\">\n\t\t\t\t<div class=\"elementor-widget-container\">\n\t\t\t\t\t\t\t\t\t\t\t\t<figure class=\"wp-caption\">\n\t\t\t\t\t\t\t\t\t\t<img loading=\"lazy\" decoding=\"async\" width=\"768\" height=\"1024\" src=\"http:\/\/engroup.com.tr\/wp-content\/uploads\/2021\/10\/goruntu-1-768x1024.jpeg\" class=\"attachment-medium_large size-medium_large\" alt=\"\" srcset=\"http:\/\/engroup.com.tr\/wp-content\/uploads\/2021\/10\/goruntu-1-768x1024.jpeg 768w, http:\/\/engroup.com.tr\/wp-content\/uploads\/2021\/10\/goruntu-1-225x300.jpeg 225w, http:\/\/engroup.com.tr\/wp-content\/uploads\/2021\/10\/goruntu-1-1152x1536.jpeg 1152w, http:\/\/engroup.com.tr\/wp-content\/uploads\/2021\/10\/goruntu-1-1536x2048.jpeg 1536w, http:\/\/engroup.com.tr\/wp-content\/uploads\/2021\/10\/goruntu-1-scaled.jpeg 1920w\" sizes=\"auto, (max-width: 768px) 100vw, 768px\" \/>\t\t\t\t\t\t\t\t\t\t\t<figcaption class=\"widget-image-caption wp-caption-text\">2018 Y\u0131l\u0131n\u0131n Ba\u015far\u0131l\u0131 \u0130\u015f Adam\u0131<\/figcaption>\n\t\t\t\t\t\t\t\t\t\t<\/figure>\n\t\t\t\t\t\t\t\t\t<\/div>\n\t\t\t\t<\/div>\n\t\t\t\t\t<\/div>\n\t\t<\/div>\n\t\t\t\t<div class=\"elementor-column elementor-col-33 elementor-top-column elementor-element elementor-element-91bf163\" data-id=\"91bf163\" data-element_type=\"column\">\n\t\t\t<div class=\"elementor-widget-wrap elementor-element-populated\">\n\t\t\t\t\t\t\t\t<div class=\"elementor-element elementor-element-6e9b518 elementor-widget elementor-widget-image\" data-id=\"6e9b518\" data-element_type=\"widget\" data-widget_type=\"image.default\">\n\t\t\t\t<div class=\"elementor-widget-container\">\n\t\t\t\t\t\t\t\t\t\t\t\t<figure class=\"wp-caption\">\n\t\t\t\t\t\t\t\t\t\t<img loading=\"lazy\" decoding=\"async\" width=\"819\" height=\"1024\" src=\"http:\/\/engroup.com.tr\/wp-content\/uploads\/2021\/10\/go\u0308ru\u0308ntu\u0308.jpeg-10-819x1024.jpg\" class=\"attachment-large size-large\" alt=\"\" srcset=\"http:\/\/engroup.com.tr\/wp-content\/uploads\/2021\/10\/go\u0308ru\u0308ntu\u0308.jpeg-10-819x1024.jpg 819w, http:\/\/engroup.com.tr\/wp-content\/uploads\/2021\/10\/go\u0308ru\u0308ntu\u0308.jpeg-10-240x300.jpg 240w, http:\/\/engroup.com.tr\/wp-content\/uploads\/2021\/10\/go\u0308ru\u0308ntu\u0308.jpeg-10-768x960.jpg 768w, http:\/\/engroup.com.tr\/wp-content\/uploads\/2021\/10\/go\u0308ru\u0308ntu\u0308.jpeg-10.jpg 1080w\" sizes=\"auto, (max-width: 819px) 100vw, 819px\" \/>\t\t\t\t\t\t\t\t\t\t\t<figcaption class=\"widget-image-caption wp-caption-text\">2021  Alt\u0131n Palmiye 'Y\u0131l\u0131n Gen\u00e7 \u0130\u015f ,Adam\u0131' \u00d6d\u00fcl\u00fc<\/figcaption>\n\t\t\t\t\t\t\t\t\t\t<\/figure>\n\t\t\t\t\t\t\t\t\t<\/div>\n\t\t\t\t<\/div>\n\t\t\t\t\t<\/div>\n\t\t<\/div>\n\t\t\t\t\t\t\t<\/div>\n\t\t<\/section>\n\t\t\t\t<section class=\"elementor-section elementor-top-section elementor-element elementor-element-79cd6d4 elementor-section-boxed elementor-section-height-default elementor-section-height-default\" data-id=\"79cd6d4\" data-element_type=\"section\" data-settings=\"{&quot;background_background&quot;:&quot;classic&quot;}\">\n\t\t\t\t\t\t<div class=\"elementor-container elementor-column-gap-default\">\n\t\t\t\t\t<div class=\"elementor-column elementor-col-100 elementor-top-column elementor-element elementor-element-91276b4\" data-id=\"91276b4\" data-element_type=\"column\">\n\t\t\t<div class=\"elementor-widget-wrap elementor-element-populated\">\n\t\t\t\t\t\t\t\t<div class=\"elementor-element elementor-element-b24b48b elementor-widget elementor-widget-text-editor\" data-id=\"b24b48b\" data-element_type=\"widget\" data-widget_type=\"text-editor.default\">\n\t\t\t\t<div class=\"elementor-widget-container\">\n\t\t\t<style>\/*! elementor - v3.6.8 - 27-07-2022 *\/\n.elementor-widget-text-editor.elementor-drop-cap-view-stacked .elementor-drop-cap{background-color:#818a91;color:#fff}.elementor-widget-text-editor.elementor-drop-cap-view-framed .elementor-drop-cap{color:#818a91;border:3px solid;background-color:transparent}.elementor-widget-text-editor:not(.elementor-drop-cap-view-default) .elementor-drop-cap{margin-top:8px}.elementor-widget-text-editor:not(.elementor-drop-cap-view-default) .elementor-drop-cap-letter{width:1em;height:1em}.elementor-widget-text-editor .elementor-drop-cap{float:left;text-align:center;line-height:1;font-size:50px}.elementor-widget-text-editor .elementor-drop-cap-letter{display:inline-block}<\/style>\t\t\t\t<p>En de\u011ferli \u00f6d\u00fcl\u00fcn\u00fc m\u00fc\u015fteri memnuniyeti olarak g\u00f6ren En Group&#8217;un ba\u015far\u0131lar\u0131, \u00e7e\u015fitli kurulu\u015flar taraf\u0131ndan da her zaman \u00f6vg\u00fcyle kar\u015f\u0131lan\u0131yor. Bu ba\u015far\u0131lar\u0131n; ileride daha b\u00fcy\u00fck ad\u0131mlar at\u0131lmas\u0131na vesile olmas\u0131, \u015firketimiz i\u00e7in \u00f6nemli de\u011fer olu\u015fumlar\u0131n\u0131n ba\u015flamas\u0131nda temellerin at\u0131lmas\u0131n\u0131 sa\u011flam\u0131\u015ft\u0131r.<\/p>\t\t\t\t\t\t<\/div>\n\t\t\t\t<\/div>\n\t\t\t\t<div class=\"elementor-element elementor-element-beb836a elementor-widget elementor-widget-spacer\" data-id=\"beb836a\" data-element_type=\"widget\" data-widget_type=\"spacer.default\">\n\t\t\t\t<div class=\"elementor-widget-container\">\n\t\t\t<style>\/*! elementor - v3.6.8 - 27-07-2022 *\/\n.e-container.e-container--row .elementor-spacer-inner{width:var(--spacer-size)}.e-container.e-container--column .elementor-spacer-inner,.elementor-column .elementor-spacer-inner{height:var(--spacer-size)}<\/style>\t\t<div class=\"elementor-spacer\">\n\t\t\t<div class=\"elementor-spacer-inner\"><\/div>\n\t\t<\/div>\n\t\t\t\t<\/div>\n\t\t\t\t<\/div>\n\t\t\t\t\t<\/div>\n\t\t<\/div>\n\t\t\t\t\t\t\t<\/div>\n\t\t<\/section>\n\t\t\t\t<section class=\"elementor-section elementor-top-section elementor-element elementor-element-705d04f elementor-section-boxed elementor-section-height-default elementor-section-height-default\" data-id=\"705d04f\" data-element_type=\"section\">\n\t\t\t\t\t\t<div class=\"elementor-container elementor-column-gap-default\">\n\t\t\t\t\t<div class=\"elementor-column elementor-col-100 elementor-top-column elementor-element elementor-element-ebee2b3\" data-id=\"ebee2b3\" data-element_type=\"column\">\n\t\t\t<div class=\"elementor-widget-wrap\">\n\t\t\t\t\t\t\t\t\t<\/div>\n\t\t<\/div>\n\t\t\t\t\t\t\t<\/div>\n\t\t<\/section>\n\t\t\t\t\t\t\t<\/div>\n\t\t","protected":false},"excerpt":{"rendered":"<p>\u00d6d\u00fcllerimiz 2017 Y\u0131l\u0131n\u0131n En Gen\u00e7 \u0130\u015f Adam\u0131 2018 Y\u0131l\u0131n\u0131n Ba\u015far\u0131l\u0131 \u0130\u015f Adam\u0131 2021 Alt\u0131n Palmiye &#8216;Y\u0131l\u0131n Gen\u00e7 \u0130\u015f ,Adam\u0131&#8217; \u00d6d\u00fcl\u00fc En de\u011ferli \u00f6d\u00fcl\u00fcn\u00fc m\u00fc\u015fteri memnuniyeti olarak g\u00f6ren En Group&#8217;un ba\u015far\u0131lar\u0131, \u00e7e\u015fitli kurulu\u015flar taraf\u0131ndan da her zaman \u00f6vg\u00fcyle kar\u015f\u0131lan\u0131yor. Bu ba\u015far\u0131lar\u0131n; ileride daha b\u00fcy\u00fck ad\u0131mlar at\u0131lmas\u0131na vesile olmas\u0131, \u015firketimiz i\u00e7in \u00f6nemli de\u011fer olu\u015fumlar\u0131n\u0131n ba\u015flamas\u0131nda temellerin at\u0131lmas\u0131n\u0131 &hellip;<\/p>\n<p class=\"read-more\"> <a class=\"\" href=\"http:\/\/engroup.com.tr\/index.php\/odullerimiz\/\"> <span class=\"screen-reader-text\">\u00d6d\u00fcllerimiz<\/span> Devam\u0131 &raquo;<\/a><\/p>\n","protected":false},"author":1,"featured_media":0,"parent":0,"menu_order":0,"comment_status":"closed","ping_status":"closed","template":"","meta":{"footnotes":""},"class_list":["post-1135","page","type-page","status-publish","hentry"],"uagb_featured_image_src":{"full":false,"thumbnail":false,"medium":false,"medium_large":false,"large":false,"1536x1536":false,"2048x2048":false},"uagb_author_info":{"display_name":"admin","author_link":"http:\/\/engroup.com.tr\/index.php\/author\/admin\/"},"uagb_comment_info":0,"uagb_excerpt":"\u00d6d\u00fcllerimiz 2017 Y\u0131l\u0131n\u0131n En Gen\u00e7 \u0130\u015f Adam\u0131 2018 Y\u0131l\u0131n\u0131n Ba\u015far\u0131l\u0131 \u0130\u015f Adam\u0131 2021 Alt\u0131n Palmiye &#8216;Y\u0131l\u0131n Gen\u00e7 \u0130\u015f ,Adam\u0131&#8217; \u00d6d\u00fcl\u00fc En de\u011ferli \u00f6d\u00fcl\u00fcn\u00fc m\u00fc\u015fteri memnuniyeti olarak g\u00f6ren En Group&#8217;un ba\u015far\u0131lar\u0131, \u00e7e\u015fitli kurulu\u015flar taraf\u0131ndan da her zaman \u00f6vg\u00fcyle kar\u015f\u0131lan\u0131yor. Bu ba\u015far\u0131lar\u0131n; ileride daha b\u00fcy\u00fck ad\u0131mlar at\u0131lmas\u0131na vesile olmas\u0131, \u015firketimiz i\u00e7in \u00f6nemli de\u011fer olu\u015fumlar\u0131n\u0131n ba\u015flamas\u0131nda temellerin at\u0131lmas\u0131n\u0131&hellip;","_links":{"self":[{"href":"http:\/\/engroup.com.tr\/index.php\/wp-json\/wp\/v2\/pages\/1135","targetHints":{"allow":["GET"]}}],"collection":[{"href":"http:\/\/engroup.com.tr\/index.php\/wp-json\/wp\/v2\/pages"}],"about":[{"href":"http:\/\/engroup.com.tr\/index.php\/wp-json\/wp\/v2\/types\/page"}],"author":[{"embeddable":true,"href":"http:\/\/engroup.com.tr\/index.php\/wp-json\/wp\/v2\/users\/1"}],"replies":[{"embeddable":true,"href":"http:\/\/engroup.com.tr\/index.php\/wp-json\/wp\/v2\/comments?post=1135"}],"version-history":[{"count":28,"href":"http:\/\/engroup.com.tr\/index.php\/wp-json\/wp\/v2\/pages\/1135\/revisions"}],"predecessor-version":[{"id":1991,"href":"http:\/\/engroup.com.tr\/index.php\/wp-json\/wp\/v2\/pages\/1135\/revisions\/1991"}],"wp:attachment":[{"href":"http:\/\/engroup.com.tr\/index.php\/wp-json\/wp\/v2\/media?parent=1135"}],"curies":[{"name":"wp","href":"https:\/\/api.w.org\/{rel}","templated":true}]}}